3. Let w be l(-23). Calculate i(w).
-5
Let m(j) = j**2 + 10*j - 1. Suppose -2*z - 2*z + 5*u + 2 = 0, 0 = -5*z + 2*u + 11. Suppose -2*p - p = 12, -z*p = 2*v + 32. Calculate m(v).
-1
Suppose -65*m + 62*m - 18 = 0. Let f(o) = o**2 - 2*o - 44. Let p be f(m). Let r(b) be the second derivative of b**4/12 - b**3/2 + b**2 + 2*b. What is r(p)?
6
Let a(w) = -w**3 - 6 + 17 - 2*w**2 + 3*w**2. Suppose 0 = 241*s - 178*s. Give a(s).
11
Suppose -44 = 4*f - 0*f - 3*d, -5*f - 5*d = 20. Let v be (-3)/2*f/6. Let k(c) = c + 2 + 0 - c**v - 2*c - 5. Give k(0).
-3
Let p(x) = -x**3 + 6*x**2 - 4*x + 8. Let r(k) = -k - 2. Let f(z) = -z + 1. Let d(w) = 4*f(w) - r(w). Let i be d(0). Give p(i).
-16
Let u(l) = 8*l**3 - 11*l**2 + 19*l + 11. Let h(m) = -7*m**3 + 11*m**2 - 18*m - 10. Let b(o) = 7*h(o) + 6*u(o). Determine b(10).
-24
Let i be (-3 - -13)*2/4. Let h = i + 4. Let j be -7 - -7 - (h + -2). Let u(k) = k + 7. Calculate u(j).
0
Let w(s) = -s**3 - 7*s**2 - 3*s + 8. Let a(j) = 16 + 11 - 13 - 3*j - 47. Let d be a(-9). What is w(d)?
-10
Let w(k) = -27*k + 2. Let o be 24/(-468)*3 + (-30)/(-26). What is w(o)?
-25
Let j(y) = 1 + 1 + 1 + 3*y - y**3 + 2*y**2. Suppose 4*z + 3*n = 6, 18*z - 15*z - 5 = -2*n. What is j(z)?
3
Suppose -35*i = 27*i. Let c(y) = y + 14. Give c(i).
14
Let j(v) = -4*v**2 - 8*v + 2. Let q(n) = -n**2 - 1. Let p(a) = -j(a) + 5*q(a). Let k be p(6). Let y(m) = -k*m + 0 + 4*m - 1. Calculate y(-1).
0
Suppose 3*k = -12, 3*y - 31 = -5*k - 3. Suppose -1 + y = -3*n. Let l(h) = -h - 3. Give l(n).
2
Let h(l) = 2*l + 10. Let z be h(-5). Suppose z = f - 3*f + 6. Let u(n) = -1 + 0*n + 7*n + f*n + 2. Give u(-1).
-9
Let g(c) be the first derivative of -4 + 1 - 2*c + c**2 + 2. Let o = 4807 - 4801. Give g(o).
10
Let m(b) = 6*b - 1 - 6 + 2*b - 6*b. Let u(t) = -t**2 - 3*t - 6 + 0 - 4*t. Let p be u(-4). What is m(p)?
5
Let r(n) be the third derivative of n**7/2520 + n**6/360 - n**5/30 + 19*n**4/24 + 11*n**2. Let h(p) be the second derivative of r(p). What is h(-5)?
11
Let y(r) = r - 2. Let n be (-171)/(-7) - 16/(-28). Suppose 4*c - 57 = -n. Calculate y(c).
6
Let i(w) = -2*w**2 - 17*w - 27. Let v be i(-7). Let a(x) = x - 1. Let p(c) = -4*c + 18. Let y(n) = -5*a(n) - p(n). Determine y(v).
-7
Let l(k) = k**2 - 4. Suppose 5*r - 4*r = 0. Suppose -5*t - 2*m = -9, -4*m = -r*m + 12. What is l(t)?
5
Let h(s) = 9 - 23*s + 22 + 8*s. Let f(d) = -4*d + 8. Let b(m) = 22*f(m) - 6*h(m). Let z(i) = i**2 + 9*i + 15. Let c be z(-8). Determine b(c).
4
Let o(n) = n**3 - 10*n**2 + 10*n - 5. Let z be o(9). Suppose 3*w + z*w + 7 = 0. Let m(f) = -10*f. Determine m(w).
10
Let u(s) = s**3 - 2*s**2 - 69*s + 133. Let p be u(2). Let o(n) = -5*n**2 - 36*n + 11. Let a(b) = -b**2 - 7*b + 2. Let l(m) = 11*a(m) - 2*o(m). Calculate l(p).
0
Let j(z) be the second derivative of -z**3/2 + 11*z**2/2 + 8*z + 3. Calculate j(0).
11
Let a = -9 - -13. Suppose -6 = a*k - k. Let g(q) = -3*q - 6*q + 7*q + q. Calculate g(k).
2
Let q(l) = -3*l + 9. Let a be q(5). Let r(c) be the third derivative of c**4/24 + c**3/3 - 14*c**2. Give r(a).
-4
Let x(k) = -11*k**2 - 230*k**3 + 18 + 13*k + 101*k**3 + 128*k**3. Determine x(-12).
6
Let o(k) = k + 1. Suppose -14*r - 41*r = -275. What is o(r)?
6
Let i(g) = -16*g - g**2 + 38 - 14*g**2 - 3*g**2 + 17*g**2. What is i(-18)?
2
Let s = 18 - 13. Let b = -6 + 8. Let m(q) = -89 - q + 91 + b*q. Determine m(s).
7
Let n(y) = -3*y + 13. Let x(v) = 54*v - 209. Let u be x(4). Give n(u).
-8
Let x(b) = -b**3 - 5*b**2 - 7*b - 10. Let p be x(-4). Let w(s) = -s**2 + 4*s - 3. Determine w(p).
1
Let x(g) = g**2 - 6*g + 4. Let m be ((-3)/(-2) + 0)*2. Suppose 0 = -m*z + 5*c - 7*c + 1, 4*z + 2*c - 4 = 0. What is x(z)?
-5
Suppose -a - 2*c = -3*a - 16, 5*a + c + 46 = 0. Let v be (-21)/2*12/a. Let s = v - 13. Let u(p) = -6*p**3 - p**2 + p - 1. Give u(s).
-7
Let b = 6 - 3. Let p be (2 - 2)*(0 + -3)/(-3). Suppose p = -0*u + b*u - 15. Let k(m) = m**2 - 3*m - 7. Give k(u).
3
Let i(j) = j. Let c(k) = -3*k + 35. Let d(s) = -c(s) - 6*i(s). Let x be d(-12). Let r(g) = -22*g**3 + 1. Determine r(x).
-21
Suppose -2*f - 4*f + 24 = 0. Suppose f*o - 1 = -3*b + 14, -36 = -4*o + 4*b. Let t(c) = -c - 4. Give t(o).
-10
Let s(b) = 9 - 2 - 5*b + 6*b. Suppose -2*f = -0*f - 2. Suppose 2*y - f = -13. Calculate s(y).
1
Let s = -13/32 - -29/32. Let w(p) be the first derivative of -s*p**2 - 4 - 3*p. Give w(-2).
-1
Let o(d) = -9 - 75*d - 82*d + 159*d. Give o(4).
-1
Let n(q) be the second derivative of -4*q**3/3 - 3*q**2/2 - 4*q + 7. What is n(4)?
-35
Suppose 0 = -4*b - m + 2 + 1, 2*b - 4*m = 24. Let g(l) = 28 + 15 - 30 - 10*l - l**b. Give g(-11).
2
Let l(k) be the first derivative of 15 + 7/3*k**3 - 1/4*k**4 - 3*k**2 - 5*k. Give l(5).
15
Let n(y) = 2*y - 8. Suppose -5*k - 4*g = -14 - 25, -32 = -4*k - 4*g. Calculate n(k).
6
Let p(v) = -7 - v**3 - 2*v**2 - 2 - 2*v**2 + 6*v - 2*v**2. Calculate p(-7).
-2
Let r(a) = a**2 - a - 8. Let q(g) be the first derivative of -g**3/3 - 5*g**2/2 - 6*g + 11. Let d be q(-3). What is r(d)?
-8
Let h(u) be the first derivative of -u**3 - u**2/2 - 9. Calculate h(-2).
-10
Suppose 3*u - 18 = -3*t, 3*u = 4*t - 2*t + 8. Let k = 2 + -2. Suppose 5*n + 2*i - 1 = 0, t*i + 4 = -k*i. Let y(s) = -9*s**3 - s**2 + s - 1. What is y(n)?
-10
Suppose -2*d + 84 = -l - 4*l, 3*d = -9. Let w be 8 - l/2*4/(-12). Let f(n) = -n**2 + 6*n - 5. Give f(w).
0
Let i be 7/(-6*70/(-360)). Let x(v) = -2*v + 20. What is x(i)?
8
Let f(m) = 4*m**2 + 2*m + 9. Suppose w + 9 - 1 = -3*y, -4*y = 4. Let z(i) = -i**2 - 1. Let t(a) = w*z(a) - f(a). Calculate t(-3).
11
Let x be 9 + (-126)/(-45)*-5. Let z(r) = -r**3 - 7*r**2 - 9*r - 6. Give z(x).
-11
Let q be (3/2)/3*-2. Let i = q + 5. Let h(f) = -f**2 + 2*f + 2. Determine h(i).
-6
Let l = 18821/24 + -784. Let v(s) be the third derivative of -1/10*s**5 + l*s**4 - 7*s**2 + 2/3*s**3 + 0 + 1/120*s**6 + 0*s. Calculate v(5).
4
Suppose -3*x = 35 - 14. Let f be (-1 - 0) + -1 + -1. Let y = x - f. Let k(p) = p + 1. Calculate k(y).
-3
Let i = 5 - 3. Let t(y) = -y - i*y**2 + 2*y - 6*y**2. Let x(w) = -6*w - 101. Let f be x(-17). Calculate t(f).
-7
Let a be ((-14)/6)/(1/(-3)). Suppose -2*d - 35 = -a*d. Let h(g) = -g + 1. Let f(v) = 5*v - 7. Let m(u) = f(u) + 4*h(u). Give m(d).
4
Let a(u) = u - 2. Let p = 36 - 30. Let h(d) = -2*d + 18. Let l be h(p). Calculate a(l).
4
Let z(y) = 4 - 4*y**2 - 3*y**2 + 5*y**2 - 2. Let h be z(2). Let x(n) be the second derivative of n**4/12 + 4*n**3/3 + 9*n**2/2 + 4*n. Give x(h).
-3
Let s(n) = -9*n**3 - n**2 + 5*n + 5. Let t be s(-2). Let x = t + -61. Let k(p) = p**3 - p. Determine k(x).
6
Let h(y) be the second derivative of -y**5/20 - 7*y**4/12 - y**3 - 7*y**2/2 + 479*y. Determine h(-6).
-7
Let z = 5 + -3. Suppose -3*v - z*v = 20. Let o(p) = -p + 1. Let c(h) = -2. Let m(s) = -c(s) - o(s). What is m(v)?
-3
Let t(d) = 6*d + 3*d**2 + 6 - d**2 - d**2 - 3. Let q be 10/25 + 3/((-15)/32). Calculate t(q).
3
Suppose -10*u - 7 - 3 = 0. Let s(y) = 5. Let p(x) = -2. Let d(j) = 7*p(j) + 3*s(j). Let l(r) = r - 2. Let w(b) = u*l(b) - d(b). Calculate w(5).
-4
Let x(q) be the third derivative of -q**4/12 + q**3/3 + 690*q**2. What is x(-9)?
20
Let p(x) = 2. Let o(t) = t**3 + t - 3. Let h(f) = 2*o(f) + 3*p(f). Determine h(2).
20
Let y be 53/6 + -4 - 2/(-12). Let f(m) = -6*m - 11 + m**2 + 3 + 5 + y. Let b = -1 + 6. What is f(b)?
-3
Let f(h) = -h**2 + 7*h - 4. Let j(k) = -k + 7. Let g = -3 - -10. Let u be j(g). Suppose 0 = x - 6*x, u = -4*w - x + 20. Determine f(w).
6
Let i(b) = -21*b**3 + 2*b**2 + 7*b + 3. Let h(d) = -11*d**3 + d**2 + 4*d + 2. Let t(g) = 5*h(g) - 3*i(g). Let k = 14 + -20. Let a = -5 - k. What is t(a)?
7
Let m = -3 - -10. Suppose -4 = 3*d - m*d. Let q be d/(-6) + (-100)/(-24). Let t(g) = g**3 - 5*g**2 + 3*g - 2. Calculate t(q).
-6
Let q(y) = -7 + 566*y + 559*y - 1687*y + 17 + 566*y. Calculate q(-5).
-10
Suppose -9*d = -6*d + 18. Let i(t) = 8 + t + 3 + 0*t. Calculate i(d).
5
Let f(y) = -y**2 + y - 1. Suppose -4*m + 4 - 68 = 0. Let b be m/(-10) - (-6)/15 - 1. What is f(b)?
-1
Let t be 2 + (1 + -4 - -9). Suppose -3*c + 20 = h - t*c, -2*h + 3*c = -19. Let u(y) = -y**2 + 0*y**2 + 2*y**2 + h - 6*y. Determine u(4).
-3
Let j(n) = -n**3 - 3*n**2 - 3*n + 2. Let y(u) = u**3 + 3*u**2 + 3*u - 2. Let x(q) = -6*j(q) - 5*y(q). Suppose 3*i - 6*i = 9. Calculate x(i).
-11
Let h(k) = 2*k**2 + 17*k - 3. Let x(u)